{"id":1086,"date":"2016-03-22T13:51:48","date_gmt":"2016-03-22T12:51:48","guid":{"rendered":"http:\/\/aib-kretzschmar.de\/cms\/?page_id=1086"},"modified":"2016-05-23T06:58:58","modified_gmt":"2016-05-23T05:58:58","slug":"ideenwettbewerb-stadtbildaufwertung-stadt-gemeinsam-gestalten","status":"publish","type":"page","link":"https:\/\/aib-kretzschmar.de\/cms\/?page_id=1086","title":{"rendered":"Ideenwettbewerb &#8222;Stadtbildaufwertung &#8211; Stadt gemeinsam gestalten&#8220;"},"content":{"rendered":"<div id=\"pl-1086\"  class=\"panel-layout\" ><div id=\"pg-1086-0\"  class=\"panel-grid panel-has-style\" ><div style=\"padding: 30px 0; \" data-overlay=\"true\" class=\"panel-row-style panel-row-style-for-1086-0\" ><div id=\"pgc-1086-0-0\"  class=\"panel-grid-cell\" ><div id=\"panel-1086-0-0-0\" class=\"so-panel widget widget_sow-editor panel-first-child\" data-index=\"0\" ><div\n\t\t\t\n\t\t\tclass=\"so-widget-sow-editor so-widget-sow-editor-base\"\n\t\t\t\n\t\t>\n<div class=\"siteorigin-widget-tinymce textwidget\">\n\t<h5 style=\"text-align: left;\">Ausf\u00fchrungszeitraum: M\u00e4rz 2016<\/h5>\n<h5 style=\"text-align: left;\">Leistungsphasen: offener Wettbewerb<\/h5>\n<h5>Ergebiss: 2. Preis<\/h5>\n<\/div>\n<\/div><\/div><div id=\"panel-1086-0-0-1\" class=\"so-panel widget widget_sow-editor panel-last-child\" data-index=\"1\" ><div\n\t\t\t\n\t\t\tclass=\"so-widget-sow-editor so-widget-sow-editor-base\"\n\t\t\t\n\t\t>\n<div class=\"siteorigin-widget-tinymce textwidget\">\n\t<\/div>\n<\/div><\/div><\/div><\/div><\/div><div id=\"pg-1086-1\"  class=\"panel-grid panel-has-style\" ><div style=\"padding: 30px 0; \" data-overlay=\"true\" class=\"panel-row-style panel-row-style-for-1086-1\" ><div id=\"pgc-1086-1-0\"  class=\"panel-grid-cell\" ><div id=\"panel-1086-1-0-0\" class=\"so-panel widget widget_sow-image panel-first-child panel-last-child\" data-index=\"2\" ><div class=\"panel-widget-style panel-widget-style-for-1086-1-0-0\" ><div\n\t\t\t\n\t\t\tclass=\"so-widget-sow-image so-widget-sow-image-default-dbf295114b96-1086\"\n\t\t\t\n\t\t>\n<div class=\"sow-image-container\">\n\t\t\t<a href=\"http:\/\/aib-kretzschmar.de\/cms\/wp-content\/uploads\/2016\/04\/Innenstadtplan-2016.jpg\"\n\t\t\ttarget=\"_blank\" rel=\"noopener noreferrer\" \t\t>\n\t\t\t<img \n\tsrc=\"https:\/\/aib-kretzschmar.de\/cms\/wp-content\/uploads\/2016\/04\/Innenstadtplan-2016.jpg\" title=\"SGK_ArbGrundlZwick2050A1_2000_29012016\" alt=\"\" \t\tclass=\"so-widget-image\"\/>\n\t\t\t<\/a><\/div>\n\n<\/div><\/div><\/div><\/div><div id=\"pgc-1086-1-1\"  class=\"panel-grid-cell panel-grid-cell-empty\" ><\/div><div id=\"pgc-1086-1-2\"  class=\"panel-grid-cell\" ><div id=\"panel-1086-1-2-0\" class=\"so-panel widget widget_sow-editor panel-first-child panel-last-child\" data-index=\"3\" ><div\n\t\t\t\n\t\t\tclass=\"so-widget-sow-editor so-widget-sow-editor-base\"\n\t\t\t\n\t\t>\n<div class=\"siteorigin-widget-tinymce textwidget\">\n\t<p style=\"text-align: justify;\">Anfang 2016 rief die Stadt Zwickau zum Ideenwettbewerb \"Stadtbildaufwertung - Stadt gemeinsam gestalten\" auf. Teilnehmen durfte jedermann. Gesucht waren vielf\u00e4ltige und kreative Ideen, die neues Leben in die Stadt bringen. Unser Beitrag zum Wettbewerb beschr\u00e4nkt sich bewusst auf das Gebiet der Hauptstra\u00dfe, hier insbesondere auf deren n\u00f6rdlichen Ausgang. Hier zeigt sich in den letzten Jahren eine immer negativer\u00a0werdende Belebung mit nachvollziehbaren Folgen f\u00fcr den Einzelhandel. Gezielt wollen wir einen Vorschlag unterbreiten, der sich kurzfristig umsetzen l\u00e4sst und keine komplexen baulichen Ver\u00e4nderungen ben\u00f6tig sondern vielmehr struktureller Natur ist. Kern des Beitrags ist die Schaffung bzw. Umverlegung von Anlaufpunkten, um somit die fussl\u00e4ufige Frequentierung im n\u00f6rdlichen Hauptstra\u00dfenbereich zu erh\u00f6hen. Dies kann positive Au\u00dfenwirkung auf den Einzelhandel haben. So schlagen wir die Umverlegung der Star\u00dfenbahnhaltestelle \"Alter Steinweg\" in Richtung Schumannplatz und damit an den Ausgang der Hauptstra\u00dfe vor. Damit erh\u00e4lt diese Stelle einen relevanten Anlaufpunkt, der Start- und Zielpunkt zugleich ist. Weiterhin w\u00e4re \u00fcberlegenswert, die Stadtinformation \/ KulturZ vom s\u00fcdlichen ans n\u00f6rdliche Ende der Hauptstra\u00dfe zu verlegen ebenso wie die Schaffung eines zentralen Fanshops des FSV. Zwei weitere Anlaufpunkte, die dar\u00fcberhinaus ein recht breites Spektrum an Besuchern ansprechen k\u00f6nnen. Zu guter Letzt heben wir nochmals die im Jahr 2003\/2004 entstandene Studie zur signifikanten Umgestaltung der Zwickauer Innenstadt hervor, hier insbesondere die St\u00e4rkung wichtiger fussl\u00e4ufiger Knotenpunkte mit dem Ziel der Aufwertung dieser Bereiche sowie der gezielten Besucherf\u00fchrung.<\/p>\n<\/div>\n<\/div><\/div><\/div><\/div><\/div><\/div>","protected":false},"excerpt":{"rendered":"<p>Ausf\u00fchrungszeitraum: M\u00e4rz 2016Leistungsphasen: offener WettbewerbErgebiss: 2. Preis Anfang 2016 rief die Stadt Zwickau zum Ideenwettbewerb &#8222;Stadtbildaufwertung &#8211; Stadt gemeinsam gestalten&#8220; auf. Teilnehmen [&hellip;]<\/p>\n","protected":false},"author":2,"featured_media":0,"parent":913,"menu_order":1,"comment_status":"closed","ping_status":"closed","template":"","meta":{"ngg_post_thumbnail":0,"footnotes":""},"class_list":["post-1086","page","type-page","status-publish","hentry"],"_links":{"self":[{"href":"https:\/\/aib-kretzschmar.de\/cms\/index.php?rest_route=\/wp\/v2\/pages\/1086","targetHints":{"allow":["GET"]}}],"collection":[{"href":"https:\/\/aib-kretzschmar.de\/cms\/index.php?rest_route=\/wp\/v2\/pages"}],"about":[{"href":"https:\/\/aib-kretzschmar.de\/cms\/index.php?rest_route=\/wp\/v2\/types\/page"}],"author":[{"embeddable":true,"href":"https:\/\/aib-kretzschmar.de\/cms\/index.php?rest_route=\/wp\/v2\/users\/2"}],"replies":[{"embeddable":true,"href":"https:\/\/aib-kretzschmar.de\/cms\/index.php?rest_route=%2Fwp%2Fv2%2Fcomments&post=1086"}],"version-history":[{"count":7,"href":"https:\/\/aib-kretzschmar.de\/cms\/index.php?rest_route=\/wp\/v2\/pages\/1086\/revisions"}],"predecessor-version":[{"id":1125,"href":"https:\/\/aib-kretzschmar.de\/cms\/index.php?rest_route=\/wp\/v2\/pages\/1086\/revisions\/1125"}],"up":[{"embeddable":true,"href":"https:\/\/aib-kretzschmar.de\/cms\/index.php?rest_route=\/wp\/v2\/pages\/913"}],"wp:attachment":[{"href":"https:\/\/aib-kretzschmar.de\/cms\/index.php?rest_route=%2Fwp%2Fv2%2Fmedia&parent=1086"}],"curies":[{"name":"wp","href":"https:\/\/api.w.org\/{rel}","templated":true}]}}