{"id":266,"date":"2009-03-27T13:45:29","date_gmt":"2009-03-27T12:45:29","guid":{"rendered":"http:\/\/aib-kretzschmar.de\/cms\/?page_id=266"},"modified":"2016-03-14T08:47:10","modified_gmt":"2016-03-14T07:47:10","slug":"vor-2000","status":"publish","type":"page","link":"https:\/\/aib-kretzschmar.de\/cms\/?page_id=266","title":{"rendered":"vor 2000"},"content":{"rendered":"<hr \/>\n<h4><span style=\"color: #808080;\">1999\/2000 Sanierung und Modernisierung Haus 01 des St\u00e4dtischen Klinikums \u201cHeinrich Braun\u201d Zwickau, Geb\u00e4udeh\u00fclle Leistungsphasen: 1-8 (Architektur, Tragwerk)\u00a0 Generalplaner Jahr: 1999\/2000<\/span><\/h4>\n<hr \/>\n<h4><span style=\"color: #808080;\">1998 Umbau eines Fabrikgeb\u00e4udes zu einer Kultureinrichtung Uhdestra\u00dfe 23, Zwickau Leistungsphasen: 1-3 (Architektur)\u00a0 1-3 (Tragwerk)<\/span><\/h4>\n<hr \/>\n<h4><span style=\"color: #333333;\"><a style=\"color: #333333;\" title=\"Lugau\" href=\"http:\/\/aib-kretzschmar.de\/cms\/?page_id=187\" target=\"_self\">1996\/1999\u00a0 Neubau eines Wohn- und Gesch\u00e4ftshauses\u00a0Sollberger Stra\u00dfe 48, Lugau\u00a0Leistungsphasen: 1-8 (Arch.)\u00a0 1-6 (Tragwerk), Generalplaner<\/a><\/span><\/h4>\n<hr \/>\n<h4><span style=\"color: #333333;\"><a style=\"color: #333333;\" title=\"Hauptmarkt 2\" href=\"http:\/\/aib-kretzschmar.de\/cms\/?page_id=182\" target=\"_self\">1996\/97 Sanierung des Baudenkmals Zwickau, Hauptmarkt 2 Leistungsphasen 1-8<\/a><\/span><\/h4>\n<hr \/>\n<h4><span style=\"color: #808080;\">1995\/1996\u00a0Neubau Wohn- und Gesch\u00e4ftshaus \u201cAn der Lutherkirche\u201d Spiegelstra\u00dfe \/ Ecke Brunnenstra\u00dfe, Zwickau Leistungsphasen: 6-8 (Architektur und Tragwerk)<\/span><\/h4>\n<hr \/>\n<h4><span style=\"color: #808080;\">1995\u00a0\u00a0Sanierung eines Jugendstilhauses Max-Pechstein-Stra\u00dfe 15\/17, Zwickau Leistungsphasen 1-3 (Architektur)<\/span><\/h4>\n<hr \/>\n<h4><span style=\"color: #808080;\">1994\/95 Neubau von zwei Stadth\u00e4usern Oberpesterwitzer Stra\u00dfe, Freital Leistungsphasen 3-8 (Arch.)\u00a0 1-6 (Tragwerk), Generalplaner<\/span><\/h4>\n<hr \/>\n<h4><span style=\"color: #808080;\">1994 Sanierung und Umbau des Baudenkmals Pestalozzigymnasium Seminarstra\u00dfe, Zwickau Leistungsphasen: 1-8 (Arch.), 1-4 (Tragwerk), Generalplaner<\/span><\/h4>\n<hr \/>\n<h4><span style=\"color: #808080;\">1993 Renault Autohaus Seidel, B\u00fcrgerschachtstra\u00dfe Seidel Leistungsphasen 1-8, Generalplaner<\/span><\/h4>\n<hr \/>\n<h4><span style=\"color: #808080;\">1992\/97 Sanierung der Denkmale (Wohn- und Gesch\u00e4ftsh\u00e4user) Leipziger Stra\u00dfe 60, H\u00f6lderlinstra\u00dfe 14 und 15, Zwickau Leistungsphasen 1-4 bzw 8 (Architektur), 1-4 (Tragwerk)<\/span><\/h4>\n<hr \/>\n<h4><span style=\"color: #333333;\"><a style=\"color: #333333;\" title=\"Angerstra\u00dfe_2\" href=\"http:\/\/aib-kretzschmar.de\/cms\/?page_id=174\" target=\"_self\">1993\/94 Neubau Wohnanlage Angerstra\u00dfe 8, Zwickau 54 Wohneinheiten Leistungsphasen 1-8, Generalplaner<\/a><\/span><\/h4>\n<hr \/>\n<h4><span style=\"color: #808080;\">1993 Hochschule f\u00fcr Technik und Wirtschaft Zwickau Dachgeschossausbau am Standort Lessingstra\u00dfe, Zwickau Leistungsphasen: 1-8 (Architektur)<\/span><\/h4>\n<hr \/>\n<p>&nbsp;<\/p>\n","protected":false},"excerpt":{"rendered":"<p>1999\/2000 Sanierung und Modernisierung Haus 01 des St\u00e4dtischen Klinikums \u201cHeinrich Braun\u201d Zwickau, Geb\u00e4udeh\u00fclle Leistungsphasen: 1-8 (Architektur, Tragwerk)\u00a0 Generalplaner Jahr: 1999\/2000 1998 Umbau [&hellip;]<\/p>\n","protected":false},"author":2,"featured_media":0,"parent":9,"menu_order":10,"comment_status":"closed","ping_status":"open","template":"","meta":{"ngg_post_thumbnail":0,"footnotes":""},"class_list":["post-266","page","type-page","status-publish","hentry"],"_links":{"self":[{"href":"https:\/\/aib-kretzschmar.de\/cms\/index.php?rest_route=\/wp\/v2\/pages\/266","targetHints":{"allow":["GET"]}}],"collection":[{"href":"https:\/\/aib-kretzschmar.de\/cms\/index.php?rest_route=\/wp\/v2\/pages"}],"about":[{"href":"https:\/\/aib-kretzschmar.de\/cms\/index.php?rest_route=\/wp\/v2\/types\/page"}],"author":[{"embeddable":true,"href":"https:\/\/aib-kretzschmar.de\/cms\/index.php?rest_route=\/wp\/v2\/users\/2"}],"replies":[{"embeddable":true,"href":"https:\/\/aib-kretzschmar.de\/cms\/index.php?rest_route=%2Fwp%2Fv2%2Fcomments&post=266"}],"version-history":[{"count":8,"href":"https:\/\/aib-kretzschmar.de\/cms\/index.php?rest_route=\/wp\/v2\/pages\/266\/revisions"}],"predecessor-version":[{"id":1027,"href":"https:\/\/aib-kretzschmar.de\/cms\/index.php?rest_route=\/wp\/v2\/pages\/266\/revisions\/1027"}],"up":[{"embeddable":true,"href":"https:\/\/aib-kretzschmar.de\/cms\/index.php?rest_route=\/wp\/v2\/pages\/9"}],"wp:attachment":[{"href":"https:\/\/aib-kretzschmar.de\/cms\/index.php?rest_route=%2Fwp%2Fv2%2Fmedia&parent=266"}],"curies":[{"name":"wp","href":"https:\/\/api.w.org\/{rel}","templated":true}]}}