{"id":384,"date":"2009-10-27T12:49:47","date_gmt":"2009-10-27T11:49:47","guid":{"rendered":"http:\/\/aib-kretzschmar.de\/cms\/?page_id=384"},"modified":"2017-02-27T12:18:04","modified_gmt":"2017-02-27T11:18:04","slug":"200809-westsachsische-hochschule-zwickau","status":"publish","type":"page","link":"https:\/\/aib-kretzschmar.de\/cms\/?page_id=384","title":{"rendered":"2008\/09 Wests\u00e4chsische Hochschule Zwickau"},"content":{"rendered":"<p>Inhalt der Aufgabe war die Neugestaltung und -gliederung der unterschiedlichen Eingangssituationen des vorhandenen Lehrgeb\u00e4udes, an dem bereits in unterschiedlichen Abschnitten gebaut wurde. Ansatz und Anspruch war es daher, die bereits vorgefundenen Stilelemente und Formensprachen aufzugreifen und ein den Entwurf einzubeziehen, um das Geb\u00e4ude nicht zu einem Sammelsurium unterschiedlichster Stilelemente\u00a0verkommen zu lassen.\u00a0Hier zeigen sich die Materialien Sichtbeton sowie die Metalllamellen am Fluchtreppenhaus als bereits pr\u00e4gende Materialien. Auf dieser Grundlage entstanden die unterschiedlichsten Eingangsl\u00f6sungen, die jedoch alle auf den gleichen stilistischen Grundelementen beruhen.<\/p>\n<p>Einher mit dieser punktuellen Gestaltung ging die Ert\u00fcchtigung der Au\u00dfenh\u00fclle entsprechend den aktuellen energetischen Anforderungen. Im wesentlichen z\u00e4hlen hierzu neben den Fassadenfl\u00e4chen auch die Erneuerung der Fenster.<\/p>\nngg_shortcode_0_placeholder\n","protected":false},"excerpt":{"rendered":"<p>Inhalt der Aufgabe war die Neugestaltung und -gliederung der unterschiedlichen Eingangssituationen des vorhandenen Lehrgeb\u00e4udes, an dem bereits in unterschiedlichen Abschnitten gebaut wurde. [&hellip;]<\/p>\n","protected":false},"author":2,"featured_media":0,"parent":280,"menu_order":61,"comment_status":"closed","ping_status":"closed","template":"","meta":{"ngg_post_thumbnail":0,"footnotes":""},"class_list":["post-384","page","type-page","status-publish","hentry"],"_links":{"self":[{"href":"https:\/\/aib-kretzschmar.de\/cms\/index.php?rest_route=\/wp\/v2\/pages\/384","targetHints":{"allow":["GET"]}}],"collection":[{"href":"https:\/\/aib-kretzschmar.de\/cms\/index.php?rest_route=\/wp\/v2\/pages"}],"about":[{"href":"https:\/\/aib-kretzschmar.de\/cms\/index.php?rest_route=\/wp\/v2\/types\/page"}],"author":[{"embeddable":true,"href":"https:\/\/aib-kretzschmar.de\/cms\/index.php?rest_route=\/wp\/v2\/users\/2"}],"replies":[{"embeddable":true,"href":"https:\/\/aib-kretzschmar.de\/cms\/index.php?rest_route=%2Fwp%2Fv2%2Fcomments&post=384"}],"version-history":[{"count":5,"href":"https:\/\/aib-kretzschmar.de\/cms\/index.php?rest_route=\/wp\/v2\/pages\/384\/revisions"}],"predecessor-version":[{"id":386,"href":"https:\/\/aib-kretzschmar.de\/cms\/index.php?rest_route=\/wp\/v2\/pages\/384\/revisions\/386"}],"up":[{"embeddable":true,"href":"https:\/\/aib-kretzschmar.de\/cms\/index.php?rest_route=\/wp\/v2\/pages\/280"}],"wp:attachment":[{"href":"https:\/\/aib-kretzschmar.de\/cms\/index.php?rest_route=%2Fwp%2Fv2%2Fmedia&parent=384"}],"curies":[{"name":"wp","href":"https:\/\/api.w.org\/{rel}","templated":true}]}}