{"id":532,"date":"2011-08-17T14:26:34","date_gmt":"2011-08-17T13:26:34","guid":{"rendered":"http:\/\/aib-kretzschmar.de\/cms\/?page_id=532"},"modified":"2017-02-27T12:17:24","modified_gmt":"2017-02-27T11:17:24","slug":"2011-scheffelbergschule-festhalle","status":"publish","type":"page","link":"https:\/\/aib-kretzschmar.de\/cms\/?page_id=532","title":{"rendered":"2011 Scheffelbergschule \/ Festhalle"},"content":{"rendered":"<h2><span style=\"color: #008080;\">Schule am Scheffelberg, Festhalle<\/span><\/h2>\n<p>Als weiterer Teilabschnitt der Sanierung des Schulkomplexes Schule am Scheffelberg wurde im Juli diesen Jahres die denkmalgerechte Sanierung des freistehenden Festhallengeb\u00e4udes realisiert. Bei der Umsetzung der Bauaufgabe wurde unter enger Einbindung der Denkmalpflege Zwickau die Sanierung auf das urspr\u00fcngliche, aus den 50er Jahren stammende Erscheinungsbild des Geb\u00e4udes gewahrt. Die heutigen Anforderungen, resultierend aus dem\u00a0 Brandschutzes sowie der Geb\u00e4ude- und B\u00fchnentechnik wurden entsprechend unserer Philosophie so integriert, dass sie m\u00f6glichst nicht sichtbar sind. Die Farbgestaltung lehnt sich an die urspr\u00fcngliche Farbkonzeption an, der neu gestaltete Foyerbereich setzt sich bewu\u00dft in seiner Formensprache vom historischen Baustil ab, greift in seiner Farbgebung das \u00fcberkommene Vorbild jedoch wieder auf.<\/p>\n<p>Die bereits erfolgte Sanierung der \u00e4u\u00dferen H\u00fclle konnte durch die Schaffung eines behindertengerechten Zuganges und der \u00dcberarbeitung des Haupteinganges komplettiert werden, so dass nun eine weitere Festhalle f\u00fcr inner- und au\u00dferschulische Veranstaltungen \u00fcbergeben werden kann. Die feierliche \u00dcbergabe findet im Rahmen der Schulanfangsfeier am 20.08.11 statt.<\/p>\nngg_shortcode_0_placeholder\n","protected":false},"excerpt":{"rendered":"<p>Schule am Scheffelberg, Festhalle Als weiterer Teilabschnitt der Sanierung des Schulkomplexes Schule am Scheffelberg wurde im Juli diesen Jahres die denkmalgerechte Sanierung [&hellip;]<\/p>\n","protected":false},"author":2,"featured_media":0,"parent":471,"menu_order":2,"comment_status":"closed","ping_status":"closed","template":"","meta":{"ngg_post_thumbnail":0,"footnotes":""},"class_list":["post-532","page","type-page","status-publish","hentry"],"_links":{"self":[{"href":"https:\/\/aib-kretzschmar.de\/cms\/index.php?rest_route=\/wp\/v2\/pages\/532","targetHints":{"allow":["GET"]}}],"collection":[{"href":"https:\/\/aib-kretzschmar.de\/cms\/index.php?rest_route=\/wp\/v2\/pages"}],"about":[{"href":"https:\/\/aib-kretzschmar.de\/cms\/index.php?rest_route=\/wp\/v2\/types\/page"}],"author":[{"embeddable":true,"href":"https:\/\/aib-kretzschmar.de\/cms\/index.php?rest_route=\/wp\/v2\/users\/2"}],"replies":[{"embeddable":true,"href":"https:\/\/aib-kretzschmar.de\/cms\/index.php?rest_route=%2Fwp%2Fv2%2Fcomments&post=532"}],"version-history":[{"count":7,"href":"https:\/\/aib-kretzschmar.de\/cms\/index.php?rest_route=\/wp\/v2\/pages\/532\/revisions"}],"predecessor-version":[{"id":710,"href":"https:\/\/aib-kretzschmar.de\/cms\/index.php?rest_route=\/wp\/v2\/pages\/532\/revisions\/710"}],"up":[{"embeddable":true,"href":"https:\/\/aib-kretzschmar.de\/cms\/index.php?rest_route=\/wp\/v2\/pages\/471"}],"wp:attachment":[{"href":"https:\/\/aib-kretzschmar.de\/cms\/index.php?rest_route=%2Fwp%2Fv2%2Fmedia&parent=532"}],"curies":[{"name":"wp","href":"https:\/\/api.w.org\/{rel}","templated":true}]}}