{"id":833,"date":"2015-07-17T08:10:46","date_gmt":"2015-07-17T07:10:46","guid":{"rendered":"http:\/\/aib-kretzschmar.de\/cms\/?page_id=833"},"modified":"2016-03-15T12:15:40","modified_gmt":"2016-03-15T11:15:40","slug":"2014-sanierung-schule-am-scheffelberg","status":"publish","type":"page","link":"https:\/\/aib-kretzschmar.de\/cms\/?page_id=833","title":{"rendered":"2014 Sanierung Schule am Scheffelberg"},"content":{"rendered":"<h2><span style=\"color: #008080;\">Sanierung Schule am Scheffelberg Zwickau \/ 3.BA Innensanierung<\/span><\/h2>\n<hr \/>\n<p>Die Sanierung der Schule am Scheffelberg in Zwickau ist f\u00fcr den Zeitraum Juni 2014 bis November 2015 geplant. Es finden umfangreiche Arbeiten im Innenbereich statt, hierzu z\u00e4hlen die Neuordnung der R\u00e4umlichkeiten, die Erneuerung der Fussboden- und Wandbel\u00e4ge sowie die Neugestaltung des oberen Pausenhofes. Da die Schule und deren Au\u00dfenanlagen unter Denkmalschutz stehen, arbeiten wir bei der Sanierung eng mit der Denkmalschutzbeh\u00f6rde zusammen.<\/p>\n<hr \/>\n<p><i>[slideshow_deploy id=&#8217;879&#8217;&#093;<\/i><\/p>\n<hr \/>\n<p>&nbsp;<\/p>\n","protected":false},"excerpt":{"rendered":"<p>Sanierung Schule am Scheffelberg Zwickau \/ 3.BA Innensanierung Die Sanierung der Schule am Scheffelberg in Zwickau ist f\u00fcr den Zeitraum Juni 2014 [&hellip;]<\/p>\n","protected":false},"author":2,"featured_media":0,"parent":699,"menu_order":0,"comment_status":"closed","ping_status":"open","template":"","meta":{"ngg_post_thumbnail":0,"footnotes":""},"class_list":["post-833","page","type-page","status-publish","hentry"],"_links":{"self":[{"href":"https:\/\/aib-kretzschmar.de\/cms\/index.php?rest_route=\/wp\/v2\/pages\/833","targetHints":{"allow":["GET"]}}],"collection":[{"href":"https:\/\/aib-kretzschmar.de\/cms\/index.php?rest_route=\/wp\/v2\/pages"}],"about":[{"href":"https:\/\/aib-kretzschmar.de\/cms\/index.php?rest_route=\/wp\/v2\/types\/page"}],"author":[{"embeddable":true,"href":"https:\/\/aib-kretzschmar.de\/cms\/index.php?rest_route=\/wp\/v2\/users\/2"}],"replies":[{"embeddable":true,"href":"https:\/\/aib-kretzschmar.de\/cms\/index.php?rest_route=%2Fwp%2Fv2%2Fcomments&post=833"}],"version-history":[{"count":8,"href":"https:\/\/aib-kretzschmar.de\/cms\/index.php?rest_route=\/wp\/v2\/pages\/833\/revisions"}],"predecessor-version":[{"id":895,"href":"https:\/\/aib-kretzschmar.de\/cms\/index.php?rest_route=\/wp\/v2\/pages\/833\/revisions\/895"}],"up":[{"embeddable":true,"href":"https:\/\/aib-kretzschmar.de\/cms\/index.php?rest_route=\/wp\/v2\/pages\/699"}],"wp:attachment":[{"href":"https:\/\/aib-kretzschmar.de\/cms\/index.php?rest_route=%2Fwp%2Fv2%2Fmedia&parent=833"}],"curies":[{"name":"wp","href":"https:\/\/api.w.org\/{rel}","templated":true}]}}